q = -5*q + 1734. Let v be (-3 + q)/(-2)*-2. What is the highest common factor of v and 26?
26
Let b be 72/(-5 - 34/(-6)). Calculate the highest common factor of b and 4.
4
Let f be ((4 - (-124)/(-16)) + 5)*68. What is the greatest common factor of f and 34?
17
Let g be (-3)/4*400/(-30). Calculate the highest common divisor of 190 and g.
10
Let k be (48/(-30))/((-1)/(-40)). Let x = 116 - 25. Let y = x + k. Calculate the greatest common factor of 18 and y.
9
Let p be (18/(-8))/(39/(-624)). What is the greatest common factor of p and 36?
36
Let h(b) = 6*b**2 - 20*b + 4. Let j be h(5). What is the greatest common divisor of j and 90?
18
Suppose 82 + 174 = 8*t. Let q(o) = o**3 + 6*o**2 - 8*o - 5. Let n be q(-7). Suppose 4 = n*z - z. What is the highest common factor of t and z?
4
Let g = 212 + -80. Suppose 4*i = -4*b + 136, 2*i + i + 63 = 2*b. Calculate the greatest common divisor of g and b.
33
Let p = 133 + -19. Let x = p + 3. Calculate the greatest common divisor of x and 13.
13
Suppose 4*a - 32 = 3*a - 4*l, 2*a - 39 = -3*l. Calculate the greatest common factor of 84 and a.
12
Suppose -2*i - 4*m + 45 = -41, 0 = 3*i - 3*m - 120. Let d be 0 + 2 - (1 + -3)*i. Calculate the greatest common divisor of 14 and d.
14
Suppose 5*k - 2*k = -12. Let q be (-6)/k + 801/(-6). Let p = 258 + q. What is the greatest common factor of p and 14?
14
Let q be (-5 - -1) + 123/3. Suppose 5*v + q = 4*r, -9*r + 4*r + 2*v + 25 = 0. What is the highest common factor of r and 21?
3
Suppose 2*p - 49 = j, 4*p + 3*j = 2*p + 45. Let q(i) = 29*i - 71. Let h be q(3). Calculate the greatest common factor of p and h.
8
Let s = 1211 - 741. Calculate the greatest common divisor of s and 10.
10
Let d be 3/7 - (2 - 1612/28). Let u = -41 + d. Calculate the greatest common divisor of u and 135.
15
Suppose -54 = -2*o - 5*s, -2*s - 82 = -4*o + s. Suppose 7 = 4*p - 45. Let n = o - p. Calculate the highest common divisor of n and 6.
3
Let r be 1664/40 + 2/5. Let o be (5292/(-72))/((-1)/2). What is the greatest common divisor of r and o?
21
Let b = -150 - -152. What is the highest common divisor of 5 and b?
1
Let b(l) = -18*l**3 - 2*l**2 - 3*l - 3. Let k be b(-1). What is the greatest common divisor of k and 64?
16
Suppose 27 = u + 5*y, 443*u - 444*u + 24 = 4*y. Suppose -19 - 4 = -q - 2*l, -2*l = -3*q + 37. What is the highest common factor of u and q?
3
Let m(h) = 36*h**2 - 3*h. Let o(p) = -37*p**2 + 3*p - 1. Let w(g) = 3*m(g) + 2*o(g). Let f be w(-1). What is the highest common divisor of 35 and f?
35
Let m be ((-6)/(-54))/((-1)/(-30))*3. Calculate the highest common factor of m and 12.
2
Suppose -2*r = 2*r - 60. Let q be (0 - 720)/(-6)*1. Calculate the highest common divisor of r and q.
15
Let n be (-1 - 15)*(6 + -7). Calculate the highest common divisor of 10 and n.
2
Let w = -2837 - -5099. What is the highest common divisor of 13 and w?
13
Let j(t) = 2*t**2 - 33*t + 1. Let b be j(17). Let l = -2 + -6. Let p be l/16 + b/4. Calculate the highest common divisor of 12 and p.
4
Let u(n) = -3*n + 8. Let z(t) = 3*t - 8. Let j(o) = -4*u(o) - 3*z(o). Let b be j(8). What is the highest common factor of b and 176?
16
Let n(x) = 2*x**2 - 2*x + 300. Let k be n(0). Calculate the highest common factor of 24 and k.
12
Suppose 84*d - 8 = 82*d, 2*d - 104 = -3*r. Suppose 0*h = z + h - 21, 4*z + h = 93. What is the greatest common divisor of r and z?
8
Let f(k) = -9*k + 7. Let b be f(-1). Calculate the highest common divisor of 496 and b.
16
Let h(g) = 2*g**2 - 3*g - 116. Let n be h(10). Calculate the highest common divisor of 1350 and n.
54
Let j = -668 - -700. What is the greatest common divisor of 48 and j?
16
Let s(z) = -z**2 - 8*z - 7. Let k be s(-6). Suppose k*n + 5*u = -20, u = 5*u + 4. Let w be (-1)/n + 52/6. What is the greatest common factor of w and 9?
9
Suppose 0 = -5*z - 2 + 12. Suppose -4*g - 89 = 67. Let s = 55 + g. Calculate the highest common factor of s and z.
2
Let p be (-27113)/(-285) - (-4)/(-30). Calculate the greatest common divisor of 665 and p.
95
Let f = 13 - 14. Let d be (-2 - f)/(5/(-175)). Let b = 1 + 4. Calculate the greatest common factor of d and b.
5
Let k(g) = g**3 - 24*g**2 + 2*g + 16. Let h be k(24). Let y = -63 + h. What is the greatest common divisor of y and 3?
1
Let o be ((-2)/5)/(42/(-9240)). Let r(a) = a**3 + 2*a**2 - 3*a + 2. Let v be r(-3). Let i be 6 - 4/(0 - v). Calculate the highest common divisor of i and o.
8
Let d(h) = -4*h + 86. Let i be d(9). Calculate the greatest common factor of i and 125.
25
Let m be (-204)/(-36) + 1/3. Let b(p) = 2*p**2 - 6*p - 8. Let c be b(m). Calculate the greatest common factor of c and 84.
28
Let f = 2 + 16. Let r be 112/3 - (-12)/f. What is the greatest common factor of 19 and r?
19
Let s = -26 + 29. Suppose 3*q = -s*z + 297, 3*q + 0*z = 4*z + 276. What is the greatest common factor of 12 and q?
12
Let v = 67 + -44. Calculate the greatest common divisor of v and 23.
23
Let m(w) = 4*w**3 - 5*w**2 - 4*w + 11. Let j be m(4). Calculate the greatest common factor of j and 19.
19
Suppose -41 - 19 = -2*m - 3*u, -5*m = 4*u - 164. Suppose 5*k + 3*v - 270 = 0, -16*v - 162 = -3*k - 11*v. Calculate the highest common factor of k and m.
18
Suppose -172*p = -166*p - 2556. What is the greatest common factor of p and 710?
142
Let p be (-70)/3*24/20. Let d = p + 41. What is the highest common divisor of 143 and d?
13
Let x(f) = -f**2 - 12*f - 18. Suppose -23 = 5*c + 27. Let z be x(c). Let v be z/(3/78 - 0). What is the highest common divisor of 26 and v?
26
Let t be ((-9)/2)/(1/(-8)*2). What is the highest common factor of t and 171?
9
Suppose 0 = 5*w - 2*v - 184, -2*w = -0*w - 4*v - 64. Suppose 5*x + w + 22 = 0. Let p be (-450)/x*(-8)/(-5). Calculate the greatest common factor of p and 15.
15
Suppose -2*j - 4*w + 204 = 0, 2*j = 3*j + w - 101. Suppose 5*b + 0*b - 100 = 0. Calculate the highest common divisor of b and j.
20
Let i be 8/(-10)*(1 - 21). Suppose -5*l = 2*x - l - i, -3*l = -2*x + 23. What is the highest common divisor of 110 and x?
10
Suppose 2886*i - 2876*i = 280. Let h be ((-2 - -1) + 8)*1. Calculate the highest common factor of h and i.
7
Suppose -2*m = 5*h - 14, -2*m = -h + 2*m + 16. Suppose -5*t + h*p + 67 + 38 = 0, 0 = 2*t + p - 42. Calculate the highest common divisor of t and 105.
21
Let a be (-5 + 4)/(3/27). Let d = 0 - a. Let f(p) = p**3 - 10*p**2 + 9*p + 12. Let i be f(d). Calculate the greatest common divisor of 84 and i.
12
Let s(b) = b**3 + 5*b**2 - 6*b - 7. Let o be (-3 + 7/2)*0. Suppose t + 1 + 4 = o. Let x be s(t). What is the highest common divisor of 207 and x?
23
Let j(u) = 3*u + 12. Let l be j(0). What is the highest common factor of 372 and l?
12
Let i(f) = -2*f + 35. Let n be i(-11). What is the greatest common factor of n and 38?
19
Let g = 72 - 68. Suppose 0 = -3*h - h + 2*s + 424, -g*h + s = -420. Calculate the highest common factor of 13 and h.
13
Suppose 3*n = 4*r + 1 + 46, -3*n - 9 = 3*r. Let o = r + 26. Let b(g) = 10*g + 22. Let v be b(5). What is the greatest common divisor of o and v?
18
Let a(y) = y**2 + 120. Let n be a(0). What is the highest common divisor of n and 160?
40
Suppose 11 = 3*h + 5*f - 10, 0 = 4*f. What is the greatest common divisor of h and 2?
1
Let x be (14/(-5))/(8/(-40)). Suppose -x*q + 8 = -12*q. Calculate the highest common factor of 16 and q.
4
Let r be (8 - (-336)/(-35))*25/(-2). Calculate the greatest common factor of 220 and r.
20
Let a = 51 - 31. Let h = -17 + a. Let x be (h/5)/(2/30). Calculate the highest common divisor of 63 and x.
9
Let b(g) = 6*g - 6. Let p be b(12). Suppose -t - t = -p. Let w be 0/(6 + -13) - -22. What is the highest common divisor of t and w?
11
Suppose 4*n - 56 = -4*p, 0 = 3*n - 5*n + 3*p + 33. Let o be n/60 - 674/8. Let l be o/(-39) - (-8)/(-52). What is the highest common factor of 10 and l?
2
Let w = -74 - -96. What is the highest common factor of w and 88?
22
Let j be (-4)/(80/(-15)) + 2/8. Let g be (18/(-4))/((-3)/6). Calculate the greatest common divisor of g and j.
1
Let j = 14 - 7. Let m be (-2)/7 - (-849)/j. Suppose 28 = 2*l + 6. What is the highest common divisor of m and l?
11
Suppose 3*i - 3*c + 30 - 144 = 0, -3*c = -2*i + 80. Suppose -3*l = -i - 50. Suppose -30*u = -26*u - 28. Calculate the highest common divisor of u and l.
7
Let u be